{"id":174,"date":"2017-03-14T02:41:54","date_gmt":"2017-03-14T02:41:54","guid":{"rendered":"https:\/\/2017.managua.wordcamp.org\/?page_id=174"},"modified":"2017-03-14T02:41:54","modified_gmt":"2017-03-14T02:41:54","slug":"hospedaje","status":"publish","type":"page","link":"https:\/\/managua.wordcamp.org\/2018\/ubicacion\/hospedaje\/","title":{"rendered":"Hospedaje"},"content":{"rendered":"<p>Estas son algunas de las opciones de Hospedaje que podr\u00edas considerar en tu viaje a Managua:<\/p>\n<h1>Hoteles<\/h1>\n<h2>Mansi\u00f3n Teodolinda:<\/h2>\n<p>La Mansi\u00f3n Teodolinda est\u00e1 ubicada entre convenientemente\u00a0ubicado entre el nuevo centro y el centro hist\u00f3rico de la ciudad de Managua . Su amplia gama de servicios incluye: recepci\u00f3n biling\u00fce 24 horas del d\u00eda, Restaurante \u201cLos Girasoles\u201d, lavander\u00eda, gimnasio, piscina, parqueo y transporte Aeropuerto-Hotel- Aeropuerto.<\/p>\n<p><strong>El Hotel Mansi\u00f3n Teodolinda estar\u00e1 brindando un 15% de descuento a todos los asistentes al WordCamp que requieran alojamiento. M\u00e1ndenos un correo a managua@wordcamp.org para mayor informaci\u00f3n.<\/strong><\/p>\n<p><a href=\"http:\/\/bit.ly\/2mEDAqG\">http:\/\/bit.ly\/2mEDAqG<\/a><\/p>\n<h2>Crowne Plaza:<\/h2>\n<p>Se encuentra ubicado en el centro de la capital de Nicaragua, rodeado de la riqueza cultural de la ciudad, vibrantes restaurantes y una serie de corporaciones multinacionales. Ofrece habitaciones con aire acondicionado y conexi\u00f3n Wi-Fi gratuita, adem\u00e1s de un servicio gratuito de traslado a la ciudad.<\/p>\n<p><a href=\"http:\/\/bit.ly\/2n23aXx\">http:\/\/bit.ly\/2n23aXx<\/a><\/p>\n<h2>El Almendro:<\/h2>\n<p>El Hotel El Almendro se encuentra en el centro de Managua, a tan solo 750 metros de la catedral Metropolitana. Este hotel con encanto cuenta con una peque\u00f1a piscina al aire libre y una bella terraza a la sombra.<\/p>\n<p><a href=\"http:\/\/bit.ly\/2nxknVv\">http:\/\/bit.ly\/2nxknVv<\/a><\/p>\n<h2>Hotel Aloha:<\/h2>\n<p>Su ubicaci\u00f3n central sirve como un punto de partida ideal para cualquiera de los atractivos culturales, hist\u00f3ricos y naturales de Nicaragua. Ofrece elegantes habitaciones de tama\u00f1o individual, doble, o de la familia, cada uno con un ba\u00f1o completo, acceso a servicios de Internet Wi-Fi, climatizaci\u00f3n, televisi\u00f3n por cable, restaurante Cafeter\u00eda para el desayuno.<\/p>\n<p><a href=\"http:\/\/hotelalohanicaragua.com\/\">http:\/\/hotelalohanicaragua.com\/<\/a><\/p>\n<h1>Hostales<\/h1>\n<h2>La Bicicleta Hostal:<\/h2>\n<p>La Bicicleta Hostal dispone de habitaciones con aire acondicionado y WiFi gratis en todas las instalaciones, tambi\u00e9n cuenta con un bar. Todas las habitaciones tienen ba\u00f1o privado. El establecimiento tambi\u00e9n cuenta con cocina compartida.<\/p>\n<p><a href=\"http:\/\/bit.ly\/2mjX7u2\">http:\/\/bit.ly\/2mjX7u2<\/a><\/p>\n<h2>El Jacal:<\/h2>\n<p>Algunos alojamientos tienen zona de estar y ciertas habitaciones incluyen terraza o patio. El Jacal ofrece WiFi gratuita.<\/p>\n<p><a href=\"http:\/\/bit.ly\/2mT8SKM\">http:\/\/bit.ly\/2mT8SKM<\/a><\/p>\n<h2>Hostal Easy Inn:<\/h2>\n<p>Las habitaciones presentan una decoraci\u00f3n sencilla y disponen de aire acondicionado, ventilador, escritorio, TV por cable y ba\u00f1o privado. El establecimiento proporciona llamadas gratuitas a EE.UU. y Canad\u00e1, adem\u00e1s de un servicio de lavander\u00eda. Hay una gran variedad de restaurantes en los alrededores, a menos de 150 metros.<\/p>\n<p><a href=\"http:\/\/bit.ly\/2nmrq48\">http:\/\/bit.ly\/2nmrq48<\/a><\/p>\n","protected":false},"excerpt":{"rendered":"<p>Estas son algunas de las opciones de Hospedaje que podr\u00edas considerar en tu viaje a Managua: Hoteles Mansi\u00f3n Teodolinda: La Mansi\u00f3n Teodolinda est\u00e1 ubicada entre convenientemente\u00a0ubicado entre el nuevo centro y el centro hist\u00f3rico de la ciudad de Managua . &hellip; <a href=\"https:\/\/managua.wordcamp.org\/2018\/ubicacion\/hospedaje\/\">Continue reading <span class=\"assistive-text\">Hospedaje<\/span>  <span class=\"meta-nav\">&rarr;<\/span><\/a><\/p>\n","protected":false},"author":14846161,"featured_media":0,"parent":141,"menu_order":1,"comment_status":"closed","ping_status":"closed","template":"","meta":{"jetpack_post_was_ever_published":false,"footnotes":""},"class_list":["post-174","page","type-page","status-publish","hentry"],"jetpack_sharing_enabled":true,"jetpack_shortlink":"https:\/\/wp.me\/P9sjue-2O","_links":{"self":[{"href":"https:\/\/managua.wordcamp.org\/2018\/wp-json\/wp\/v2\/pages\/174","targetHints":{"allow":["GET"]}}],"collection":[{"href":"https:\/\/managua.wordcamp.org\/2018\/wp-json\/wp\/v2\/pages"}],"about":[{"href":"https:\/\/managua.wordcamp.org\/2018\/wp-json\/wp\/v2\/types\/page"}],"author":[{"embeddable":true,"href":"https:\/\/managua.wordcamp.org\/2018\/wp-json\/wp\/v2\/users\/14846161"}],"replies":[{"embeddable":true,"href":"https:\/\/managua.wordcamp.org\/2018\/wp-json\/wp\/v2\/comments?post=174"}],"version-history":[{"count":1,"href":"https:\/\/managua.wordcamp.org\/2018\/wp-json\/wp\/v2\/pages\/174\/revisions"}],"predecessor-version":[{"id":6930,"href":"https:\/\/managua.wordcamp.org\/2018\/wp-json\/wp\/v2\/pages\/174\/revisions\/6930"}],"up":[{"embeddable":true,"href":"https:\/\/managua.wordcamp.org\/2018\/wp-json\/wp\/v2\/pages\/141"}],"wp:attachment":[{"href":"https:\/\/managua.wordcamp.org\/2018\/wp-json\/wp\/v2\/media?parent=174"}],"curies":[{"name":"wp","href":"https:\/\/api.w.org\/{rel}","templated":true}]}}