{"id":177,"date":"2017-03-14T02:44:27","date_gmt":"2017-03-14T02:44:27","guid":{"rendered":"https:\/\/2017.managua.wordcamp.org\/?page_id=177"},"modified":"2017-03-14T02:44:27","modified_gmt":"2017-03-14T02:44:27","slug":"que-hacer-en-nicaragua","status":"publish","type":"page","link":"https:\/\/managua.wordcamp.org\/2018\/ubicacion\/que-hacer-en-nicaragua\/","title":{"rendered":"\u00bfQu\u00e9 hacer en Nicaragua?"},"content":{"rendered":"<p>Nicaragua tierra de lagos y volcanes, es el lugar perfecto para un encuentro de cultura, gastronom\u00eda e historia. Es una tierra preciosa con una gran belleza natural, en la que pueden llevarse a cabo una infinidad de actividades divertidas e interesantes.<\/p>\n<p>Nuestro pa\u00eds sigue siendo un tesoro por descubrir, por lo tanto t\u00fa llegada a la joya centroamericana tendr\u00e1 que contar con una visita necesaria y obligatoria a ciertos destinos tur\u00edsticos, por lo tanto a continuaci\u00f3n te damos una peque\u00f1a lista de lugares y las actividades que podr\u00e1s realizar para disfrutar al m\u00e1ximo tu estad\u00eda en ella.<\/p>\n<h1>Managua<\/h1>\n<p>Entre el bullicio de la capital podr\u00e1n visitar lugares hist\u00f3ricos, caminar por toda la avenida Bolivar y contemplar la majestuosa antigua Catedral de Managua, el Teatro Rub\u00e9n Dar\u00edo y el Puerto Salvador Allende, un lugar muy especial y seguro.<\/p>\n<p>Tiene excelentes restaurantes, m\u00fasica en vivo, entretenimiento y seguridad.<\/p>\n<h1>Laguna de Apoyo<\/h1>\n<p>Si buscas desconectarte con el mundo, la Laguna de apoyo es el destino ideal para encontrar paz y estar en contacto cercano con la naturaleza. Aqu\u00ed podr\u00e1s disfrutar de las tranquilas y limpias aguas acompa\u00f1ado de un ambiente relajante.<\/p>\n<h1>Masaya<\/h1>\n<p>Vecina de la capital y ubicada a pocos kil\u00f3metros, podr\u00e1s conocer una de las ciudades m\u00e1s pintorescas, llena de folclore y de buenos lugares en los que podr\u00e1n llevarse buenos recuerdos. Es vital visitar Masaya y su mercado de artesan\u00edas, el mirador de Catarina y hasta desviarse un poquito a los pueblos blancos (peque\u00f1as comunidades) ya que cada una cuenta con caracter\u00edsticas que las hacen \u00fanicos.<\/p>\n<h1>Granada<\/h1>\n<p>La ciudad m\u00e1s antigua del pa\u00eds que conserva su amplio centro hist\u00f3rico colonial, donde podr\u00e1s aprender sobre su historia y arquitectura. Una de las primeras actividades que ten\u00e9s que realizar al estar en Granada es comer un buen Vigor\u00f3n en el parque central, sino, tu visita fue en vano. Luego ten\u00e9s que realizar tu respectiva caminata por la tan conocida calle &#8220;La Calzada&#8221;, ya sea a pie o en bicicleta. Es una ciudad llena de bares, restaurantes, tiendas y gente muy alegre.<\/p>\n<h1>San Juan del Sur<\/h1>\n<p>Sin duda alguna San Juan del Sur cuenta con preciosas playas muy conocidas, de f\u00e1cil acceso, tambi\u00e9n hay otras que son solitarias y desconocidas que esconden aut\u00e9nticos tesoros.<\/p>\n<p>Esta lista ser\u00eda m\u00e1s larga porque hay mucho por conocer y descubrir en esta tierra. Te invitamos a conocer un poquito del pa\u00eds, a trav\u00e9s de nuestra gente, lugares y comida.<\/p>\n","protected":false},"excerpt":{"rendered":"<p>Nicaragua tierra de lagos y volcanes, es el lugar perfecto para un encuentro de cultura, gastronom\u00eda e historia. Es una tierra preciosa con una gran belleza natural, en la que pueden llevarse a cabo una infinidad de actividades divertidas e &hellip; <a href=\"https:\/\/managua.wordcamp.org\/2018\/ubicacion\/que-hacer-en-nicaragua\/\">Continue reading <span class=\"assistive-text\">\u00bfQu\u00e9 hacer en Nicaragua?<\/span>  <span class=\"meta-nav\">&rarr;<\/span><\/a><\/p>\n","protected":false},"author":14846161,"featured_media":0,"parent":141,"menu_order":2,"comment_status":"closed","ping_status":"closed","template":"","meta":{"jetpack_post_was_ever_published":false,"footnotes":""},"class_list":["post-177","page","type-page","status-publish","hentry"],"jetpack_sharing_enabled":true,"jetpack_shortlink":"https:\/\/wp.me\/P9sjue-2R","_links":{"self":[{"href":"https:\/\/managua.wordcamp.org\/2018\/wp-json\/wp\/v2\/pages\/177","targetHints":{"allow":["GET"]}}],"collection":[{"href":"https:\/\/managua.wordcamp.org\/2018\/wp-json\/wp\/v2\/pages"}],"about":[{"href":"https:\/\/managua.wordcamp.org\/2018\/wp-json\/wp\/v2\/types\/page"}],"author":[{"embeddable":true,"href":"https:\/\/managua.wordcamp.org\/2018\/wp-json\/wp\/v2\/users\/14846161"}],"replies":[{"embeddable":true,"href":"https:\/\/managua.wordcamp.org\/2018\/wp-json\/wp\/v2\/comments?post=177"}],"version-history":[{"count":0,"href":"https:\/\/managua.wordcamp.org\/2018\/wp-json\/wp\/v2\/pages\/177\/revisions"}],"up":[{"embeddable":true,"href":"https:\/\/managua.wordcamp.org\/2018\/wp-json\/wp\/v2\/pages\/141"}],"wp:attachment":[{"href":"https:\/\/managua.wordcamp.org\/2018\/wp-json\/wp\/v2\/media?parent=177"}],"curies":[{"name":"wp","href":"https:\/\/api.w.org\/{rel}","templated":true}]}}