{"id":191,"date":"2017-03-14T03:00:15","date_gmt":"2017-03-14T03:00:15","guid":{"rendered":"https:\/\/2017.managua.wordcamp.org\/?page_id=191"},"modified":"2018-04-04T22:43:59","modified_gmt":"2018-04-05T04:43:59","slug":"wordcamp-managua-2018","status":"publish","type":"page","link":"https:\/\/managua.wordcamp.org\/2018\/acerca\/wordcamp-managua-2018\/","title":{"rendered":"WordCamp Managua 2018"},"content":{"rendered":"<p><span style=\"font-weight: 400\"><strong>Del 25 al 26 de Mayo<\/strong> nos estaremos reuniendo en La Universidad Centroamericana, UCA, para celebrar el evento de WordPress m\u00e1s grande de Nicaragua, la cuarta edici\u00f3n del <strong>WordCamp Managua 2018<\/strong>.<\/span><\/p>\n<p><span style=\"font-weight: 400\">WordCamp Managua va a ser dos d\u00edas llenos de mucha informaci\u00f3n y diversi\u00f3n. Asist\u00ed a las conferencias y particip\u00e1 en los talleres donde aprenderemos uno de otros. Este a\u00f1o el evento se dividir\u00e1 en tres tracks: <strong>1. Desarrollo, 2. Marketing, Dise\u00f1o &amp; SEO, 3. Empresa &amp; Comunidad<\/strong>.<\/span><\/p>\n<p><span style=\"font-weight: 400\">Es una oportunidad \u00fanica para aprovechar los espacios sociales donde creamos redes y hacemos nuevos contactos que nos servir\u00e1n para futuras alianzas y potenciales negocios.<\/span><\/p>\n<p><span style=\"font-weight: 400\">Por lo tanto, el evento est\u00e1 dirigido para cualquier persona que utiliza o desarrolla WordPress. No importa si eres blogger, due\u00f1o de negocio, marketero, comunicador social o desarrollador. Tendremos contenido para todos los gustos y colores en la cuarta edici\u00f3n de WordCamp Managua 2018.<\/span><\/p>\n<p style=\"text-align: center\"><span style=\"font-weight: 400\"><strong>\u00a1Te esperamos<\/strong>!<\/span><\/p>\n","protected":false},"excerpt":{"rendered":"<p>Del 25 al 26 de Mayo nos estaremos reuniendo en La Universidad Centroamericana, UCA, para celebrar el evento de WordPress m\u00e1s grande de Nicaragua, la cuarta edici\u00f3n del WordCamp Managua 2018. WordCamp Managua va a ser dos d\u00edas llenos de &hellip; <a href=\"https:\/\/managua.wordcamp.org\/2018\/acerca\/wordcamp-managua-2018\/\">Continue reading <span class=\"assistive-text\">WordCamp Managua 2018<\/span>  <span class=\"meta-nav\">&rarr;<\/span><\/a><\/p>\n","protected":false},"author":14846161,"featured_media":0,"parent":189,"menu_order":1,"comment_status":"closed","ping_status":"closed","template":"","meta":{"jetpack_post_was_ever_published":false,"footnotes":""},"class_list":["post-191","page","type-page","status-publish","hentry"],"jetpack_sharing_enabled":true,"jetpack_shortlink":"https:\/\/wp.me\/P9sjue-35","_links":{"self":[{"href":"https:\/\/managua.wordcamp.org\/2018\/wp-json\/wp\/v2\/pages\/191","targetHints":{"allow":["GET"]}}],"collection":[{"href":"https:\/\/managua.wordcamp.org\/2018\/wp-json\/wp\/v2\/pages"}],"about":[{"href":"https:\/\/managua.wordcamp.org\/2018\/wp-json\/wp\/v2\/types\/page"}],"author":[{"embeddable":true,"href":"https:\/\/managua.wordcamp.org\/2018\/wp-json\/wp\/v2\/users\/14846161"}],"replies":[{"embeddable":true,"href":"https:\/\/managua.wordcamp.org\/2018\/wp-json\/wp\/v2\/comments?post=191"}],"version-history":[{"count":3,"href":"https:\/\/managua.wordcamp.org\/2018\/wp-json\/wp\/v2\/pages\/191\/revisions"}],"predecessor-version":[{"id":7160,"href":"https:\/\/managua.wordcamp.org\/2018\/wp-json\/wp\/v2\/pages\/191\/revisions\/7160"}],"up":[{"embeddable":true,"href":"https:\/\/managua.wordcamp.org\/2018\/wp-json\/wp\/v2\/pages\/189"}],"wp:attachment":[{"href":"https:\/\/managua.wordcamp.org\/2018\/wp-json\/wp\/v2\/media?parent=191"}],"curies":[{"name":"wp","href":"https:\/\/api.w.org\/{rel}","templated":true}]}}