{"id":436,"date":"2019-03-01T04:21:35","date_gmt":"2019-03-01T04:21:35","guid":{"rendered":"https:\/\/2019.managua.wordcamp.org\/?page_id=436"},"modified":"2019-03-25T04:37:28","modified_gmt":"2019-03-25T04:37:28","slug":"wordcamp-2019","status":"publish","type":"page","link":"https:\/\/managua.wordcamp.org\/2019\/wordcamp-2019\/","title":{"rendered":"\u00bfQu\u00e9 es un WordCamp?"},"content":{"rendered":"\n<p class=\"wp-block-paragraph\">Los WordCamp son conferencias organizadas localmente para difundir, promover e informarse sobre todo lo relacionado con WordPress, el manejador de contenidos libre y de c\u00f3digo abierto que es <strong>utilizado por m\u00e1s 75 millones <\/strong>de sitios alrededor del mundo.<\/p>\n\n\n\n<p class=\"wp-block-paragraph\">El primer WordCamp fue organizado en San Francisco por Matt Mullenweg en 2006. Desde entonces, las comunidades locales de WordPress alrededor del mundo han organizado m\u00e1s de 1,000 WordCamps en 65 pa\u00edses y m\u00e1s de 71 ciudades que han impactado la vida de m\u00e1s de 332,000 personas.<\/p>\n\n\n\n<p class=\"wp-block-paragraph\">Los asistentes a un WordCamp tienen diversas habilidades y conocimientos. Por lo tanto, cualquiera que est\u00e9 relacionado WordPress y temas digitales puede acudir al evento. &nbsp;Desde usuarios principiantes, blogueros, marketeros, comunicadores, dise\u00f1adores hasta consultores profesionales y desarrolladores de WordPress, quienes comparten ideas y se conocen entre s\u00ed.<\/p>\n\n\n\n<p class=\"wp-block-paragraph\">Para mayor informaci\u00f3n, visita <strong><a href=\"https:\/\/central.wordcamp.org\/\">WordCamp Central<\/a><\/strong><a href=\"https:\/\/central.wordcamp.org\/\"> <\/a>(sitio en ingl\u00e9s).<\/p>\n\n\n\n<h2 class=\"wp-block-heading\">WordCamp Managua<\/h2>\n\n\n\n<p class=\"wp-block-paragraph\">El 24 y 25 de Mayo nos estaremos reuniendo en Centro de Innovaci\u00f3n Fundaci\u00f3n Zamora Ter\u00e1n para celebrar el evento de WordPress m\u00e1s grande de Nicaragua, la <strong>cuarta edici\u00f3n del WordCamp Managua<\/strong>.<\/p>\n\n\n\n<h4 class=\"wp-block-heading\">\u00bfQu\u00e9 haremos?<\/h4>\n\n\n\n<p class=\"wp-block-paragraph\">Ser\u00e1n dos d\u00edas llenos de mucha informaci\u00f3n y diversi\u00f3n, donde podr\u00e1s asistir \u00a0a  conferencias y participar de manera activa en los talleres donde aprenderemos uno de otros. Este a\u00f1o el evento se dividir\u00e1 en cinco tracks: <\/p>\n\n\n\n<ol class=\"wp-block-list\"><li>Desarrollo y Programaci\u00f3n<\/li><li>Marketing <\/li><li>Dise\u00f1o<\/li><li>SEO y SEM <\/li><li>Empresa &amp; Comunidad.<\/li><\/ol>\n\n\n\n<p class=\"wp-block-paragraph\">Es una <strong>oportunidad \u00fanica<\/strong> para aprovechar los espacios sociales donde adem\u00e1s de <strong>aprender<\/strong>, hacemos <strong>nuevos contactos <\/strong>que nos servir\u00e1n para futuras alianzas y potenciales negocios.<\/p>\n\n\n\n<h4 class=\"wp-block-heading\">\u00bfQuienes Pueden Asistir?<\/h4>\n\n\n\n<p class=\"wp-block-paragraph\">El evento est\u00e1 dirigido para cualquier persona que utiliza o desarrolla WordPress. No importa si sos blogger, due\u00f1o de negocio, marketero, dise\u00f1ador comunicador social o desarrollador. Tendremos contenido para todos los gustos y colores en la cuarta edici\u00f3n de WordCamp Managua 2019.<\/p>\n\n\n\n<div class=\"wp-block-image\"><figure class=\"aligncenter\"><img loading=\"lazy\" decoding=\"async\" width=\"500\" height=\"500\" src=\"https:\/\/2019.managua.wordcamp.org\/files\/2019\/03\/POST-1.png\" alt=\"\" class=\"wp-image-869\" srcset=\"https:\/\/managua.wordcamp.org\/2019\/files\/2019\/03\/POST-1.png 500w, https:\/\/managua.wordcamp.org\/2019\/files\/2019\/03\/POST-1-150x150.png 150w, https:\/\/managua.wordcamp.org\/2019\/files\/2019\/03\/POST-1-300x300.png 300w\" sizes=\"auto, (max-width: 500px) 100vw, 500px\" \/><\/figure><\/div>\n\n\n\n<blockquote class=\"wp-block-quote is-style-large is-layout-flow wp-block-quote-is-layout-flow\"><p>\u00a1Te esperamos!<\/p><\/blockquote>\n","protected":false},"excerpt":{"rendered":"<p>Los WordCamp son conferencias organizadas localmente para difundir, promover e informarse sobre todo lo relacionado con WordPress, el manejador de contenidos libre y de c\u00f3digo abierto que es utilizado por m\u00e1s 75 millones de sitios alrededor del mundo. El primer &hellip; <a href=\"https:\/\/managua.wordcamp.org\/2019\/wordcamp-2019\/\">Sigue leyendo <span class=\"assistive-text\">\u00bfQu\u00e9 es un WordCamp?<\/span>  <span class=\"meta-nav\">&rarr;<\/span><\/a><\/p>\n","protected":false},"author":14939500,"featured_media":0,"parent":0,"menu_order":0,"comment_status":"closed","ping_status":"closed","template":"","meta":{"_crdt_document":"","jetpack_post_was_ever_published":false,"footnotes":""},"class_list":["post-436","page","type-page","status-publish","hentry"],"jetpack_sharing_enabled":true,"jetpack_shortlink":"https:\/\/wp.me\/Paxzxb-72","_links":{"self":[{"href":"https:\/\/managua.wordcamp.org\/2019\/wp-json\/wp\/v2\/pages\/436","targetHints":{"allow":["GET"]}}],"collection":[{"href":"https:\/\/managua.wordcamp.org\/2019\/wp-json\/wp\/v2\/pages"}],"about":[{"href":"https:\/\/managua.wordcamp.org\/2019\/wp-json\/wp\/v2\/types\/page"}],"author":[{"embeddable":true,"href":"https:\/\/managua.wordcamp.org\/2019\/wp-json\/wp\/v2\/users\/14939500"}],"replies":[{"embeddable":true,"href":"https:\/\/managua.wordcamp.org\/2019\/wp-json\/wp\/v2\/comments?post=436"}],"version-history":[{"count":5,"href":"https:\/\/managua.wordcamp.org\/2019\/wp-json\/wp\/v2\/pages\/436\/revisions"}],"predecessor-version":[{"id":870,"href":"https:\/\/managua.wordcamp.org\/2019\/wp-json\/wp\/v2\/pages\/436\/revisions\/870"}],"wp:attachment":[{"href":"https:\/\/managua.wordcamp.org\/2019\/wp-json\/wp\/v2\/media?parent=436"}],"curies":[{"name":"wp","href":"https:\/\/api.w.org\/{rel}","templated":true}]}}