{"id":1111,"date":"2019-04-01T03:48:04","date_gmt":"2019-04-01T03:48:04","guid":{"rendered":"https:\/\/2019.managua.wordcamp.org\/?post_type=wcb_session&#038;p=1111"},"modified":"2019-04-07T04:45:51","modified_gmt":"2019-04-07T04:45:51","slug":"conociento-advocacy","status":"publish","type":"wcb_session","link":"https:\/\/managua.wordcamp.org\/2019\/session\/conociento-advocacy\/","title":{"rendered":"Conociendo Advocacy: Proyecto Global para proteger una web abierta"},"content":{"rendered":"\n<p class=\"wp-block-paragraph\"> Advocacy es un nuevo proyecto de Mozilla Hispano que tiene como objetivo principal promover y defender los derechos de la Web para que \u00e9sta siga siendo un recurso abierto y disponible para todas las personas, logrando la participaci\u00f3n (e inclusi\u00f3n) de las comunidades dando lugar a la opini\u00f3n p\u00fablica y atender a las necesidades de los usuarios con respecto al aporte de nuevas ideas que garanticen el desarrollo y el activismo de la comunidad. <\/p>\n","protected":false},"excerpt":{"rendered":"<p>Advocacy es un nuevo proyecto que tiene como objetivo principal promover y defender los derechos de la Web <a href=\"https:\/\/managua.wordcamp.org\/2019\/session\/conociento-advocacy\/\">Sigue leyendo <span class=\"assistive-text\">Conociendo Advocacy: Proyecto Global para proteger una web abierta<\/span>  <span class=\"meta-nav\">&rarr;<\/span><\/a><\/p>\n","protected":false},"author":15490985,"featured_media":0,"template":"","meta":{"_crdt_document":"","jetpack_post_was_ever_published":false,"_wcpt_session_time":1558804800,"_wcpt_session_duration":3000,"_wcpt_session_type":"session","_wcpt_session_slides":"","_wcpt_session_video":"","_wcpt_speaker_id":[777],"footnotes":""},"session_track":[10013],"session_category":[1276967],"class_list":["post-1111","wcb_session","type-wcb_session","status-publish","hentry","wcb_track-meetup","wcb_session_category-charla-relampago"],"jetpack_sharing_enabled":true,"jetpack_shortlink":"https:\/\/wp.me\/paxzxb-hV","session_date_time":{"date":"mayo 25, 2019","time":"11:20 am"},"session_speakers":[{"id":"777","slug":"ana-sofia-lopez","name":"Ana Sof\u00eda L\u00f3pez","link":"https:\/\/managua.wordcamp.org\/2019\/speaker\/ana-sofia-lopez\/"}],"session_cats_rendered":"Charla Rel\u00e1mpago","_links":{"self":[{"href":"https:\/\/managua.wordcamp.org\/2019\/wp-json\/wp\/v2\/sessions\/1111","targetHints":{"allow":["GET"]}}],"collection":[{"href":"https:\/\/managua.wordcamp.org\/2019\/wp-json\/wp\/v2\/sessions"}],"about":[{"href":"https:\/\/managua.wordcamp.org\/2019\/wp-json\/wp\/v2\/types\/wcb_session"}],"author":[{"embeddable":true,"href":"https:\/\/managua.wordcamp.org\/2019\/wp-json\/wp\/v2\/users\/15490985"}],"version-history":[{"count":4,"href":"https:\/\/managua.wordcamp.org\/2019\/wp-json\/wp\/v2\/sessions\/1111\/revisions"}],"predecessor-version":[{"id":1121,"href":"https:\/\/managua.wordcamp.org\/2019\/wp-json\/wp\/v2\/sessions\/1111\/revisions\/1121"}],"speakers":[{"embeddable":true,"href":"https:\/\/managua.wordcamp.org\/2019\/wp-json\/wp\/v2\/speakers\/777"}],"wp:attachment":[{"href":"https:\/\/managua.wordcamp.org\/2019\/wp-json\/wp\/v2\/media?parent=1111"}],"wp:term":[{"taxonomy":"wcb_track","embeddable":true,"href":"https:\/\/managua.wordcamp.org\/2019\/wp-json\/wp\/v2\/session_track?post=1111"},{"taxonomy":"wcb_session_category","embeddable":true,"href":"https:\/\/managua.wordcamp.org\/2019\/wp-json\/wp\/v2\/session_category?post=1111"}],"curies":[{"name":"wp","href":"https:\/\/api.w.org\/{rel}","templated":true}]}}

<p class="wp-block-paragraph"> Advocacy es un nuevo proyecto de Mozilla Hispano que tiene como objetivo principal promover y defender los derechos de la Web para que ésta siga siendo un recurso abierto y disponible para todas las personas, logrando la participación (e inclusión) de las comunidades dando lugar a la opinión pública y atender a las necesidades de los usuarios con respecto al aporte de nuevas ideas que garanticen el desarrollo y el activismo de la comunidad. </p>

Ana Sofía López

Charla Relámpago
