{"id":1140,"date":"2019-04-01T04:28:09","date_gmt":"2019-04-01T04:28:09","guid":{"rendered":"https:\/\/2019.managua.wordcamp.org\/?post_type=wcb_session&#038;p=1140"},"modified":"2019-04-07T20:33:54","modified_gmt":"2019-04-07T20:33:54","slug":"proyecto-social","status":"publish","type":"wcb_session","link":"https:\/\/managua.wordcamp.org\/2019\/session\/proyecto-social\/","title":{"rendered":"WordPress Una Herramienta Para tu Proyecto Social"},"content":{"rendered":"\n<p class=\"wp-block-paragraph\">Historias con H: Somos un proyecto audiovisual, social y humano comprometidos con la sociedad nicarag\u00fcense.<\/p>\n\n\n\n<!--more-->\n\n\n\n<p class=\"wp-block-paragraph\">El objetivo de este proyectobase se encuentra en las conexi\u00f3n entre las historias, los mensajes y las moralejas que nos comparten nuestros protagonistas y su alto grado de inspiraci\u00f3n con el p\u00fablico que nos lee y escucha a trav\u00e9s de la plataforma de WordPress.<\/p>\n\n\n\n<p class=\"wp-block-paragraph\">Iniciamos nuestro proyecto \u00fanicamente en Facebook, luego vimos la necesidad de crear un sitio web d\u00f3nde pudi\u00e9ramos alojar nuestro podcasts. Sin saber nada de p\u00e1ginas webs, nos aventuramos en este mundillo y despu\u00e9s de investigar nos decidimos por pagar un a\u00f1o en WordPress, que inclu\u00eda alojamiento y el uso de sus plantillas. Mientras pasaba el tiempo nos dimos cuenta que la p\u00e1gina no era para nada intuitiva, moderna y sobre todo, no llenaba nuestras expectativas ni las de nuestros seguidores. Y peor a\u00fan teniendo conocimientos en dise\u00f1o gr\u00e1fico la sent\u00edamos incompleta.<\/p>\n\n\n\n<p class=\"wp-block-paragraph\">As\u00ed que\u2026 dimos un paso m\u00e1s y\u2026 Pusimos nuestros conocimientos de dise\u00f1o en pr\u00e1ctica, y nuestra creatividad a volar para hacer lo que realmente necesitaba el proyecto. As\u00ed con el apoyo de un amigo programador logramos obtener lo que el proyecto y nuestros seguidores merecen.<\/p>\n\n\n\n<p class=\"wp-block-paragraph\">*Nuestro sitio: www.historiasconh.com\u00bb<\/p>\n\n\n<p><!--EndFragment--><\/p>\n<p><\/p>","protected":false},"excerpt":{"rendered":"<p>Historias con H: Somos un proyecto audiovisual, social y humano comprometidos con la sociedad nicarag\u00fcense.<\/p>\n","protected":false},"author":15490985,"featured_media":0,"template":"","meta":{"_crdt_document":"","jetpack_post_was_ever_published":false,"_wcpt_session_time":1558735800,"_wcpt_session_duration":3000,"_wcpt_session_type":"session","_wcpt_session_slides":"","_wcpt_session_video":"","_wcpt_speaker_id":[824],"footnotes":""},"session_track":[15878],"session_category":[1276967],"class_list":["post-1140","wcb_session","type-wcb_session","status-publish","hentry","wcb_track-central","wcb_session_category-charla-relampago"],"jetpack_sharing_enabled":true,"jetpack_shortlink":"https:\/\/wp.me\/paxzxb-io","session_date_time":{"date":"mayo 24, 2019","time":"4:10 pm"},"session_speakers":[{"id":"824","slug":"heriberto-diaz","name":"Heriberto D\u00edaz","link":"https:\/\/managua.wordcamp.org\/2019\/speaker\/heriberto-diaz\/"}],"session_cats_rendered":"Charla Rel\u00e1mpago","_links":{"self":[{"href":"https:\/\/managua.wordcamp.org\/2019\/wp-json\/wp\/v2\/sessions\/1140","targetHints":{"allow":["GET"]}}],"collection":[{"href":"https:\/\/managua.wordcamp.org\/2019\/wp-json\/wp\/v2\/sessions"}],"about":[{"href":"https:\/\/managua.wordcamp.org\/2019\/wp-json\/wp\/v2\/types\/wcb_session"}],"author":[{"embeddable":true,"href":"https:\/\/managua.wordcamp.org\/2019\/wp-json\/wp\/v2\/users\/15490985"}],"version-history":[{"count":3,"href":"https:\/\/managua.wordcamp.org\/2019\/wp-json\/wp\/v2\/sessions\/1140\/revisions"}],"predecessor-version":[{"id":1463,"href":"https:\/\/managua.wordcamp.org\/2019\/wp-json\/wp\/v2\/sessions\/1140\/revisions\/1463"}],"speakers":[{"embeddable":true,"href":"https:\/\/managua.wordcamp.org\/2019\/wp-json\/wp\/v2\/speakers\/824"}],"wp:attachment":[{"href":"https:\/\/managua.wordcamp.org\/2019\/wp-json\/wp\/v2\/media?parent=1140"}],"wp:term":[{"taxonomy":"wcb_track","embeddable":true,"href":"https:\/\/managua.wordcamp.org\/2019\/wp-json\/wp\/v2\/session_track?post=1140"},{"taxonomy":"wcb_session_category","embeddable":true,"href":"https:\/\/managua.wordcamp.org\/2019\/wp-json\/wp\/v2\/session_category?post=1140"}],"curies":[{"name":"wp","href":"https:\/\/api.w.org\/{rel}","templated":true}]}}

<p class="wp-block-paragraph">Historias con H: Somos un proyecto audiovisual, social y humano comprometidos con la sociedad nicaragüense.</p>



<!--more-->



<p class="wp-block-paragraph">El objetivo de este proyectobase se encuentra en las conexión entre las historias, los mensajes y las moralejas que nos comparten nuestros protagonistas y su alto grado de inspiración con el público que nos lee y escucha a través de la plataforma de WordPress.</p>



<p class="wp-block-paragraph">Iniciamos nuestro proyecto únicamente en Facebook, luego vimos la necesidad de crear un sitio web dónde pudiéramos alojar nuestro podcasts. Sin saber nada de páginas webs, nos aventuramos en este mundillo y después de investigar nos decidimos por pagar un año en WordPress, que incluía alojamiento y el uso de sus plantillas. Mientras pasaba el tiempo nos dimos cuenta que la página no era para nada intuitiva, moderna y sobre todo, no llenaba nuestras expectativas ni las de nuestros seguidores. Y peor aún teniendo conocimientos en diseño gráfico la sentíamos incompleta.</p>



<p class="wp-block-paragraph">Así que… dimos un paso más y… Pusimos nuestros conocimientos de diseño en práctica, y nuestra creatividad a volar para hacer lo que realmente necesitaba el proyecto. Así con el apoyo de un amigo programador logramos obtener lo que el proyecto y nuestros seguidores merecen.</p>



<p class="wp-block-paragraph">*Nuestro sitio: www.historiasconh.com»</p>


<p><!--EndFragment--></p>
<p></p>

<p>Historias con H: Somos un proyecto audiovisual, social y humano comprometidos con la sociedad nicaragüense.</p>

Heriberto Díaz

Charla Relámpago
