{"id":1250,"date":"2019-04-02T03:16:21","date_gmt":"2019-04-02T03:16:21","guid":{"rendered":"https:\/\/2019.managua.wordcamp.org\/?post_type=wcb_session&#038;p=1250"},"modified":"2019-04-07T21:31:12","modified_gmt":"2019-04-07T21:31:12","slug":"consegui-clientes-pauta-digital","status":"publish","type":"wcb_session","link":"https:\/\/managua.wordcamp.org\/2019\/session\/consegui-clientes-pauta-digital\/","title":{"rendered":"Dej\u00e1 de Gastar en Likes y Consegu\u00ed Clientes con una Estrategia Efectiva en Pauta Digital."},"content":{"rendered":"\n<p class=\"wp-block-paragraph\">Conseguir un n\u00famero idealizado de seguidores es el sue\u00f1o de toda marca. \u00bfCu\u00e1nto es ese n\u00famero para vos? 40,000 o 100,000 fans y \u00bfqu\u00e9 har\u00e1s cuando llegu\u00e9s a esa cifra? \u00bfvender m\u00e1s? <\/p>\n\n\n\n<!--more-->\n\n\n\n<p class=\"wp-block-paragraph\">Aprend\u00e9 a crear y medir tus anuncios eligiendo estrat\u00e9gicamente el objetivo, presupuesto y p\u00fablico para tu negocio. <\/p>\n","protected":false},"excerpt":{"rendered":"<p>Conseguir un n\u00famero idealizado de seguidores es el sue\u00f1o de toda marca. \u00bfCu\u00e1nto es ese n\u00famero para vos? 40,000 o 100,000 fans y \u00bfqu\u00e9 har\u00e1s cuando llegu\u00e9s a esa cifra? \u00bfvender m\u00e1s?<\/p>\n","protected":false},"author":15490985,"featured_media":0,"template":"","meta":{"_crdt_document":"","jetpack_post_was_ever_published":false,"_wcpt_session_time":1558821600,"_wcpt_session_duration":3000,"_wcpt_session_type":"session","_wcpt_session_slides":"","_wcpt_session_video":"","_wcpt_speaker_id":[1053],"footnotes":""},"session_track":[15878],"session_category":[385609],"class_list":["post-1250","wcb_session","type-wcb_session","status-publish","hentry","wcb_track-central","wcb_session_category-charla"],"jetpack_sharing_enabled":true,"jetpack_shortlink":"https:\/\/wp.me\/paxzxb-ka","session_date_time":{"date":"mayo 25, 2019","time":"4:00 pm"},"session_speakers":[{"id":"1053","slug":"alexandra-cuadra","name":"Alexandra Cuadra","link":"https:\/\/managua.wordcamp.org\/2019\/speaker\/alexandra-cuadra\/"}],"session_cats_rendered":"Charla","_links":{"self":[{"href":"https:\/\/managua.wordcamp.org\/2019\/wp-json\/wp\/v2\/sessions\/1250","targetHints":{"allow":["GET"]}}],"collection":[{"href":"https:\/\/managua.wordcamp.org\/2019\/wp-json\/wp\/v2\/sessions"}],"about":[{"href":"https:\/\/managua.wordcamp.org\/2019\/wp-json\/wp\/v2\/types\/wcb_session"}],"author":[{"embeddable":true,"href":"https:\/\/managua.wordcamp.org\/2019\/wp-json\/wp\/v2\/users\/15490985"}],"version-history":[{"count":3,"href":"https:\/\/managua.wordcamp.org\/2019\/wp-json\/wp\/v2\/sessions\/1250\/revisions"}],"predecessor-version":[{"id":1253,"href":"https:\/\/managua.wordcamp.org\/2019\/wp-json\/wp\/v2\/sessions\/1250\/revisions\/1253"}],"speakers":[{"embeddable":true,"href":"https:\/\/managua.wordcamp.org\/2019\/wp-json\/wp\/v2\/speakers\/1053"}],"wp:attachment":[{"href":"https:\/\/managua.wordcamp.org\/2019\/wp-json\/wp\/v2\/media?parent=1250"}],"wp:term":[{"taxonomy":"wcb_track","embeddable":true,"href":"https:\/\/managua.wordcamp.org\/2019\/wp-json\/wp\/v2\/session_track?post=1250"},{"taxonomy":"wcb_session_category","embeddable":true,"href":"https:\/\/managua.wordcamp.org\/2019\/wp-json\/wp\/v2\/session_category?post=1250"}],"curies":[{"name":"wp","href":"https:\/\/api.w.org\/{rel}","templated":true}]}}

Dejá de Gastar en Likes y Conseguí Clientes con una Estrategia Efectiva en Pauta Digital.

<p class="wp-block-paragraph">Conseguir un número idealizado de seguidores es el sueño de toda marca. ¿Cuánto es ese número para vos? 40,000 o 100,000 fans y ¿qué harás cuando llegués a esa cifra? ¿vender más? </p>



<!--more-->



<p class="wp-block-paragraph">Aprendé a crear y medir tus anuncios eligiendo estratégicamente el objetivo, presupuesto y público para tu negocio. </p>

<p>Conseguir un número idealizado de seguidores es el sueño de toda marca. ¿Cuánto es ese número para vos? 40,000 o 100,000 fans y ¿qué harás cuando llegués a esa cifra? ¿vender más?</p>
