{"id":1307,"date":"2019-04-02T04:11:15","date_gmt":"2019-04-02T04:11:15","guid":{"rendered":"https:\/\/2019.managua.wordcamp.org\/?post_type=wcb_session&#038;p=1307"},"modified":"2019-04-06T17:56:54","modified_gmt":"2019-04-06T17:56:54","slug":"entendiendo-los-bloques-en-gutenberg","status":"publish","type":"wcb_session","link":"https:\/\/managua.wordcamp.org\/2019\/session\/entendiendo-los-bloques-en-gutenberg\/","title":{"rendered":"Entendiendo los Bloques en Gutenberg"},"content":{"rendered":"\n<p class=\"wp-block-paragraph\">\u00bfDe qu\u00e9 est\u00e1n hechos los peque\u00f1os bloques de WordPress?<br>En esta profunda inmersi\u00f3n de Gutenberg analizaremos su anatom\u00eda, comenzaremos a observando los bloques de Gutenberg existentes, lo que nos guiar\u00e1n a trav\u00e9s de los patrones de dise\u00f1o utilizados.<\/p>\n\n\n\n<!--more-->\n\n\n\n<p class=\"wp-block-paragraph\">A partir de ah\u00ed, aprenderemos a utilizar estos patrones para crear nuevos bloques. Aprenderemos a dise\u00f1ar un bloque de la manera correcta a partir de los fundamentos de dise\u00f1o de Gutenberg.<\/p>\n\n\n\n<p class=\"wp-block-paragraph\">Luego de entender los bloques existentes y las funcionalidades que se agregan a WordPress exploraremos los bloques mas usados en el mercado y algunos temas compatibles.\n\n<\/p>\n","protected":false},"excerpt":{"rendered":"<p>\u00bfDe qu\u00e9 est\u00e1n hechos los peque\u00f1os bloques de WordPress?En esta profunda inmersi\u00f3n de Gutenberg analizaremos su anatom\u00eda, comenzaremos a observando los bloques de Gutenberg existentes, lo que nos guiar\u00e1n a trav\u00e9s de los patrones de dise\u00f1o utilizados.<\/p>\n","protected":false},"author":319559,"featured_media":0,"template":"","meta":{"_crdt_document":"","jetpack_post_was_ever_published":false,"_wcpt_session_time":1558819200,"_wcpt_session_duration":3000,"_wcpt_session_type":"session","_wcpt_session_slides":"","_wcpt_session_video":"","_wcpt_speaker_id":[772],"footnotes":""},"session_track":[1276984],"session_category":[34220],"class_list":["post-1307","wcb_session","type-wcb_session","status-publish","hentry","wcb_track-cafeteria-1","wcb_session_category-taller"],"jetpack_sharing_enabled":true,"jetpack_shortlink":"https:\/\/wp.me\/paxzxb-l5","session_date_time":{"date":"mayo 25, 2019","time":"3:20 pm"},"session_speakers":[{"id":"772","slug":"roberto-remedios","name":"Roberto Remedios","link":"https:\/\/managua.wordcamp.org\/2019\/speaker\/roberto-remedios\/"}],"session_cats_rendered":"Taller","_links":{"self":[{"href":"https:\/\/managua.wordcamp.org\/2019\/wp-json\/wp\/v2\/sessions\/1307","targetHints":{"allow":["GET"]}}],"collection":[{"href":"https:\/\/managua.wordcamp.org\/2019\/wp-json\/wp\/v2\/sessions"}],"about":[{"href":"https:\/\/managua.wordcamp.org\/2019\/wp-json\/wp\/v2\/types\/wcb_session"}],"version-history":[{"count":1,"href":"https:\/\/managua.wordcamp.org\/2019\/wp-json\/wp\/v2\/sessions\/1307\/revisions"}],"predecessor-version":[{"id":1308,"href":"https:\/\/managua.wordcamp.org\/2019\/wp-json\/wp\/v2\/sessions\/1307\/revisions\/1308"}],"speakers":[{"embeddable":true,"href":"https:\/\/managua.wordcamp.org\/2019\/wp-json\/wp\/v2\/speakers\/772"}],"author":[{"embeddable":true,"href":"https:\/\/managua.wordcamp.org\/2019\/wp-json\/wporg\/v1\/users\/remediosgraphic"}],"wp:attachment":[{"href":"https:\/\/managua.wordcamp.org\/2019\/wp-json\/wp\/v2\/media?parent=1307"}],"wp:term":[{"taxonomy":"wcb_track","embeddable":true,"href":"https:\/\/managua.wordcamp.org\/2019\/wp-json\/wp\/v2\/session_track?post=1307"},{"taxonomy":"wcb_session_category","embeddable":true,"href":"https:\/\/managua.wordcamp.org\/2019\/wp-json\/wp\/v2\/session_category?post=1307"}],"curies":[{"name":"wp","href":"https:\/\/api.w.org\/{rel}","templated":true}]}}

<p class="wp-block-paragraph">¿De qué están hechos los pequeños bloques de WordPress?<br>En esta profunda inmersión de Gutenberg analizaremos su anatomía, comenzaremos a observando los bloques de Gutenberg existentes, lo que nos guiarán a través de los patrones de diseño utilizados.</p>



<!--more-->



<p class="wp-block-paragraph">A partir de ahí, aprenderemos a utilizar estos patrones para crear nuevos bloques. Aprenderemos a diseñar un bloque de la manera correcta a partir de los fundamentos de diseño de Gutenberg.</p>



<p class="wp-block-paragraph">Luego de entender los bloques existentes y las funcionalidades que se agregan a WordPress exploraremos los bloques mas usados en el mercado y algunos temas compatibles.

</p>

<p>¿De qué están hechos los pequeños bloques de WordPress?En esta profunda inmersión de Gutenberg analizaremos su anatomía, comenzaremos a observando los bloques de Gutenberg existentes, lo que nos guiarán a través de los patrones de diseño utilizados.</p>
