{"id":1100,"date":"2019-04-01T03:27:02","date_gmt":"2019-04-01T03:27:02","guid":{"rendered":"https:\/\/2019.managua.wordcamp.org\/?post_type=wcb_speaker&#038;p=1100"},"modified":"2019-04-10T01:44:54","modified_gmt":"2019-04-10T01:44:54","slug":"sara-aviles","status":"publish","type":"wcb_speaker","link":"https:\/\/managua.wordcamp.org\/2019\/speaker\/sara-aviles\/","title":{"rendered":"Sara Avil\u00e9s"},"content":{"rendered":"\n<p class=\"wp-block-paragraph\">Sara Avil\u00e9s, m\u00e1ster en marketing digital y comercio electr\u00f3nico, es una consultora en comunicaci\u00f3n digital con enfoque en pymes y emprendedores.<\/p>\n\n\n\n<!--more-->\n\n\n\n<p class=\"wp-block-paragraph\">Ha sido docente por 7 a\u00f1os en diferentes programa de posgrados y maestr\u00edas, tallerista y conferencista, cuenta con un certificaci\u00f3n profesional en design thinking de la universidad de Salamanca.<\/p>\n\n\n\n<p class=\"wp-block-paragraph\">Ha desarrollado estrategias digitales para marcas del sector tecnol\u00f3gico, comercial, agr\u00edcola, industrial, entre otros<\/p>\n","protected":false},"excerpt":{"rendered":"<p>Sara Avil\u00e9s, m\u00e1ster en marketing digital y comercio electr\u00f3nico, es una consultora en comunicaci\u00f3n digital con enfoque en pymes y emprendedores.<\/p>\n","protected":false},"author":15490985,"featured_media":0,"comment_status":"closed","ping_status":"closed","template":"","meta":{"_crdt_document":"","jetpack_post_was_ever_published":false,"_wcpt_user_name":"","footnotes":""},"speaker_group":[],"class_list":["post-1100","wcb_speaker","type-wcb_speaker","status-publish","hentry"],"jetpack_sharing_enabled":true,"jetpack_shortlink":"https:\/\/wp.me\/paxzxb-hK","avatar_urls":{"24":"https:\/\/secure.gravatar.com\/avatar\/efbb945512ae335d0879656dee96fca6e81a69fa29c2fbcb690a2616db5b2d01?s=24&d=mm&r=g","48":"https:\/\/secure.gravatar.com\/avatar\/efbb945512ae335d0879656dee96fca6e81a69fa29c2fbcb690a2616db5b2d01?s=48&d=mm&r=g","96":"https:\/\/secure.gravatar.com\/avatar\/efbb945512ae335d0879656dee96fca6e81a69fa29c2fbcb690a2616db5b2d01?s=96&d=mm&r=g","128":"https:\/\/secure.gravatar.com\/avatar\/efbb945512ae335d0879656dee96fca6e81a69fa29c2fbcb690a2616db5b2d01?s=128&d=mm&r=g","256":"https:\/\/secure.gravatar.com\/avatar\/efbb945512ae335d0879656dee96fca6e81a69fa29c2fbcb690a2616db5b2d01?s=256&d=mm&r=g","512":"https:\/\/secure.gravatar.com\/avatar\/efbb945512ae335d0879656dee96fca6e81a69fa29c2fbcb690a2616db5b2d01?s=512&d=mm&r=g"},"_links":{"self":[{"href":"https:\/\/managua.wordcamp.org\/2019\/wp-json\/wp\/v2\/speakers\/1100","targetHints":{"allow":["GET"]}}],"collection":[{"href":"https:\/\/managua.wordcamp.org\/2019\/wp-json\/wp\/v2\/speakers"}],"about":[{"href":"https:\/\/managua.wordcamp.org\/2019\/wp-json\/wp\/v2\/types\/wcb_speaker"}],"author":[{"embeddable":true,"href":"https:\/\/managua.wordcamp.org\/2019\/wp-json\/wp\/v2\/users\/15490985"}],"replies":[{"embeddable":true,"href":"https:\/\/managua.wordcamp.org\/2019\/wp-json\/wp\/v2\/comments?post=1100"}],"version-history":[{"count":2,"href":"https:\/\/managua.wordcamp.org\/2019\/wp-json\/wp\/v2\/speakers\/1100\/revisions"}],"predecessor-version":[{"id":1488,"href":"https:\/\/managua.wordcamp.org\/2019\/wp-json\/wp\/v2\/speakers\/1100\/revisions\/1488"}],"sessions":[{"embeddable":true,"href":"https:\/\/managua.wordcamp.org\/2019\/wp-json\/wp\/v2\/sessions\/1164?_embed=1&context=view"}],"wp:attachment":[{"href":"https:\/\/managua.wordcamp.org\/2019\/wp-json\/wp\/v2\/media?parent=1100"}],"wp:term":[{"taxonomy":"wcb_speaker_group","embeddable":true,"href":"https:\/\/managua.wordcamp.org\/2019\/wp-json\/wp\/v2\/speaker_group?post=1100"}],"curies":[{"name":"wp","href":"https:\/\/api.w.org\/{rel}","templated":true}]}}

Sara Avilés

<p class="wp-block-paragraph">Sara Avilés, máster en marketing digital y comercio electrónico, es una consultora en comunicación digital con enfoque en pymes y emprendedores.</p>



<!--more-->



<p class="wp-block-paragraph">Ha sido docente por 7 años en diferentes programa de posgrados y maestrías, tallerista y conferencista, cuenta con un certificación profesional en design thinking de la universidad de Salamanca.</p>



<p class="wp-block-paragraph">Ha desarrollado estrategias digitales para marcas del sector tecnológico, comercial, agrícola, industrial, entre otros</p>

<p>Sara Avilés, máster en marketing digital y comercio electrónico, es una consultora en comunicación digital con enfoque en pymes y emprendedores.</p>
