{"id":826,"date":"2019-03-25T02:00:42","date_gmt":"2019-03-25T02:00:42","guid":{"rendered":"https:\/\/2019.managua.wordcamp.org\/?post_type=wcb_speaker&#038;p=826"},"modified":"2019-04-01T02:57:31","modified_gmt":"2019-04-01T02:57:31","slug":"carlos-zuniga","status":"publish","type":"wcb_speaker","link":"https:\/\/managua.wordcamp.org\/2019\/speaker\/carlos-zuniga\/","title":{"rendered":"Carlos Z\u00fa\u00f1iga"},"content":{"rendered":"\n<p class=\"wp-block-paragraph\">Carlos Z\u00fa\u00f1iga es Co-fundador y Director Ejecutivo de Madre, una consultora especializada en branding, comunicaci\u00f3n y experiencias, cuyo trabajo tiene presencia en m\u00e1s de 50 pa\u00edses. <\/p>\n\n\n\n<!--more-->\n\n\n\n<p class=\"wp-block-paragraph\">Es M\u00e1ster en Direcci\u00f3n Estrat\u00e9gica y Creativa de Comunicaci\u00f3n y Publicidad de IED Barcelona. Ha sido finalista, y actualmente es parte del Comit\u00e9 Asesor de la Bienal Iberoamericana de Dise\u00f1o con sede en Madrid.<br><br><\/p>\n\n\n\n<p class=\"wp-block-paragraph\">Carlos est\u00e1 comprometido con aportar al desarrollo de las industrias creativas de Nicaragua y Centroam\u00e9rica. Desde 2016 organiza Chispafest, Festival Internacional de Creatividad, as\u00ed como Ma\u00f1anas Creativas, una serie de charlas locales para inspirar y fortalecer a la comunidad creativa. Es emprendedor con m\u00e1s de 15 a\u00f1os de trayectoria, con iniciativas relacionadas a creatividad, comunicaci\u00f3n y medios, como Bacanalnica, Webbasica, Todo Sobre Viviendas, Listo Marketing y On the Spot, entre otras. <\/p>\n","protected":false},"excerpt":{"rendered":"<p>Carlos Z\u00fa\u00f1iga es Co-fundador y Director Ejecutivo de Madre, una consultora especializada en branding, comunicaci\u00f3n y experiencias, cuyo trabajo tiene presencia en m\u00e1s de 50 pa\u00edses.<\/p>\n","protected":false},"author":15490985,"featured_media":0,"comment_status":"closed","ping_status":"closed","template":"","meta":{"_crdt_document":"","jetpack_post_was_ever_published":false,"_wcpt_user_name":"","footnotes":""},"speaker_group":[34288,1276961],"class_list":["post-826","wcb_speaker","type-wcb_speaker","status-publish","hentry","wcb_speaker_group-diseno","wcb_speaker_group-emprendimiento-y-comunidad"],"jetpack_sharing_enabled":true,"jetpack_shortlink":"https:\/\/wp.me\/paxzxb-dk","avatar_urls":{"24":"https:\/\/secure.gravatar.com\/avatar\/16c0064e1d626fc7cb948f320b6f3911bc86cdf8a0d457d24acf6e47b08d2725?s=24&d=mm&r=g","48":"https:\/\/secure.gravatar.com\/avatar\/16c0064e1d626fc7cb948f320b6f3911bc86cdf8a0d457d24acf6e47b08d2725?s=48&d=mm&r=g","96":"https:\/\/secure.gravatar.com\/avatar\/16c0064e1d626fc7cb948f320b6f3911bc86cdf8a0d457d24acf6e47b08d2725?s=96&d=mm&r=g","128":"https:\/\/secure.gravatar.com\/avatar\/16c0064e1d626fc7cb948f320b6f3911bc86cdf8a0d457d24acf6e47b08d2725?s=128&d=mm&r=g","256":"https:\/\/secure.gravatar.com\/avatar\/16c0064e1d626fc7cb948f320b6f3911bc86cdf8a0d457d24acf6e47b08d2725?s=256&d=mm&r=g","512":"https:\/\/secure.gravatar.com\/avatar\/16c0064e1d626fc7cb948f320b6f3911bc86cdf8a0d457d24acf6e47b08d2725?s=512&d=mm&r=g"},"_links":{"self":[{"href":"https:\/\/managua.wordcamp.org\/2019\/wp-json\/wp\/v2\/speakers\/826","targetHints":{"allow":["GET"]}}],"collection":[{"href":"https:\/\/managua.wordcamp.org\/2019\/wp-json\/wp\/v2\/speakers"}],"about":[{"href":"https:\/\/managua.wordcamp.org\/2019\/wp-json\/wp\/v2\/types\/wcb_speaker"}],"author":[{"embeddable":true,"href":"https:\/\/managua.wordcamp.org\/2019\/wp-json\/wp\/v2\/users\/15490985"}],"replies":[{"embeddable":true,"href":"https:\/\/managua.wordcamp.org\/2019\/wp-json\/wp\/v2\/comments?post=826"}],"version-history":[{"count":4,"href":"https:\/\/managua.wordcamp.org\/2019\/wp-json\/wp\/v2\/speakers\/826\/revisions"}],"predecessor-version":[{"id":1066,"href":"https:\/\/managua.wordcamp.org\/2019\/wp-json\/wp\/v2\/speakers\/826\/revisions\/1066"}],"sessions":[{"embeddable":true,"href":"https:\/\/managua.wordcamp.org\/2019\/wp-json\/wp\/v2\/sessions\/1272?_embed=1&context=view"},{"embeddable":true,"href":"https:\/\/managua.wordcamp.org\/2019\/wp-json\/wp\/v2\/sessions\/1152?_embed=1&context=view"}],"wp:attachment":[{"href":"https:\/\/managua.wordcamp.org\/2019\/wp-json\/wp\/v2\/media?parent=826"}],"wp:term":[{"taxonomy":"wcb_speaker_group","embeddable":true,"href":"https:\/\/managua.wordcamp.org\/2019\/wp-json\/wp\/v2\/speaker_group?post=826"}],"curies":[{"name":"wp","href":"https:\/\/api.w.org\/{rel}","templated":true}]}}

Carlos Zúñiga

<p class="wp-block-paragraph">Carlos Zúñiga es Co-fundador y Director Ejecutivo de Madre, una consultora especializada en branding, comunicación y experiencias, cuyo trabajo tiene presencia en más de 50 países. </p>



<!--more-->



<p class="wp-block-paragraph">Es Máster en Dirección Estratégica y Creativa de Comunicación y Publicidad de IED Barcelona. Ha sido finalista, y actualmente es parte del Comité Asesor de la Bienal Iberoamericana de Diseño con sede en Madrid.<br><br></p>



<p class="wp-block-paragraph">Carlos está comprometido con aportar al desarrollo de las industrias creativas de Nicaragua y Centroamérica. Desde 2016 organiza Chispafest, Festival Internacional de Creatividad, así como Mañanas Creativas, una serie de charlas locales para inspirar y fortalecer a la comunidad creativa. Es emprendedor con más de 15 años de trayectoria, con iniciativas relacionadas a creatividad, comunicación y medios, como Bacanalnica, Webbasica, Todo Sobre Viviendas, Listo Marketing y On the Spot, entre otras. </p>

<p>Carlos Zúñiga es Co-fundador y Director Ejecutivo de Madre, una consultora especializada en branding, comunicación y experiencias, cuyo trabajo tiene presencia en más de 50 países.</p>
