{"id":716,"date":"2023-10-07T11:40:26","date_gmt":"2023-10-07T17:40:26","guid":{"rendered":"https:\/\/managua.wordcamp.org\/2023\/?page_id=716"},"modified":"2023-10-16T10:06:37","modified_gmt":"2023-10-16T16:06:37","slug":"kids-camp","status":"publish","type":"page","link":"https:\/\/managua.wordcamp.org\/2023\/kids-camp\/","title":{"rendered":"Kids Camp"},"content":{"rendered":"\n<p><\/p>\n\n\n\n<h2 class=\"wp-block-heading has-text-align-center\"><strong><mark class=\"has-inline-color has-accent-color\">\u00bfQu\u00e9 es el Kids Camp<strong>?<\/strong><\/mark><\/strong><\/h2>\n\n\n\n<p><strong>El KidsCamp Managua 2023<\/strong> es un <strong>taller dise\u00f1ado para ni\u00f1os y ni\u00f1as de 10 a 14 a\u00f1os<\/strong>, que se llevar\u00e1 a cabo durante un d\u00eda completo. Este evento est\u00e1 concebido para que los ni\u00f1os participen en compa\u00f1\u00eda de sus padres o tutores, y el n\u00famero m\u00e1ximo de participantes es de 15 ni\u00f1os y ni\u00f1as.<\/p>\n\n\n\n<figure class=\"wp-block-image size-full\"><img loading=\"lazy\" decoding=\"async\" width=\"580\" height=\"326\" src=\"https:\/\/managua.wordcamp.org\/2023\/files\/2023\/10\/photo_4967828611193220169_y.jpg\" alt=\"\" class=\"wp-image-725\" srcset=\"https:\/\/managua.wordcamp.org\/2023\/files\/2023\/10\/photo_4967828611193220169_y.jpg 580w, https:\/\/managua.wordcamp.org\/2023\/files\/2023\/10\/photo_4967828611193220169_y-300x169.jpg 300w, https:\/\/managua.wordcamp.org\/2023\/files\/2023\/10\/photo_4967828611193220169_y-500x281.jpg 500w\" sizes=\"auto, (max-width: 580px) 100vw, 580px\" \/><\/figure>\n\n\n\n<h2 class=\"wp-block-heading has-text-align-center\"><mark class=\"has-inline-color has-accent-color\">Din\u00e1mica del Taller<\/mark><\/h2>\n\n\n\n<p>Durante el taller, los participantes se sumergir\u00e1n en un entorno educativo y divertido. La din\u00e1mica incluir\u00e1 <strong>conversatorios sobre temas tecnol\u00f3gicos, demostraciones pr\u00e1cticas y juegos interactivos<\/strong>. El evento contar\u00e1 con un equipo de 8 personas que incluyen facilitadores expertos en el tema y voluntarios de la comunidad.<\/p>\n\n\n\n<h2 class=\"wp-block-heading has-text-align-center\"><mark class=\"has-inline-color has-accent-color\">Objetivo del Taller<\/mark><\/h2>\n\n\n\n<p>El objetivo principal del taller es proporcionar a los ni\u00f1os los<strong> conceptos b\u00e1sicos de codificaci\u00f3n y programaci\u00f3n utilizando bloques de CS<\/strong>. Adem\u00e1s, los participantes tendr\u00e1n la oportunidad de <strong>crear y dise\u00f1ar su propio portafolio de im\u00e1genes,<\/strong> que podr\u00e1n compartir en sus redes sociales o utilizar en la creaci\u00f3n de sus propios videojuegos.<\/p>\n\n\n\n<h2 class=\"wp-block-heading has-text-align-center\"><mark class=\"has-inline-color has-accent-color\">Temas Cubiertos<\/mark><\/h2>\n\n\n\n<p>Durante el taller, los ni\u00f1os aprender\u00e1n una variedad de habilidades, entre las que se incluyen:<\/p>\n\n\n\n<ul class=\"wp-block-list\">\n<li><strong>Codificaci\u00f3n y programaci\u00f3n utilizando bloques<\/strong><\/li>\n\n\n\n<li><strong>Uso de la herramienta Canva para dise\u00f1o gr\u00e1fico<\/strong><\/li>\n\n\n\n<li><strong>Identificaci\u00f3n de vocabulario clave en el campo de la inform\u00e1tica<\/strong><\/li>\n\n\n\n<li><strong>Creaci\u00f3n de contenido de calidad y relevante<\/strong><\/li>\n<\/ul>\n\n\n\n<figure class=\"wp-block-image size-full\"><img loading=\"lazy\" decoding=\"async\" width=\"580\" height=\"326\" src=\"https:\/\/managua.wordcamp.org\/2023\/files\/2023\/10\/photo_4967828611193220179_y.jpg\" alt=\"\" class=\"wp-image-726\" srcset=\"https:\/\/managua.wordcamp.org\/2023\/files\/2023\/10\/photo_4967828611193220179_y.jpg 580w, https:\/\/managua.wordcamp.org\/2023\/files\/2023\/10\/photo_4967828611193220179_y-300x169.jpg 300w, https:\/\/managua.wordcamp.org\/2023\/files\/2023\/10\/photo_4967828611193220179_y-500x281.jpg 500w\" sizes=\"auto, (max-width: 580px) 100vw, 580px\" \/><\/figure>\n\n\n\n<h2 class=\"wp-block-heading has-text-align-center\"><mark class=\"has-inline-color has-accent-color\">Beneficios del taller<\/mark><\/h2>\n\n\n\n<p>Este taller ofrece a los participantes la oportunidad de <strong>ejercitar su creatividad, desarrollar habilidades de codificaci\u00f3n y programaci\u00f3n con bloques, y complementar sus creaciones con elementos visuales<\/strong>. Los ni\u00f1os podr\u00e1n crear galer\u00edas de im\u00e1genes, buscar e incrustar contenido de v\u00eddeo en sus proyectos, lo que fomentar\u00e1 un enfoque integral en su desarrollo tecnol\u00f3gico y creativo.<\/p>\n\n\n\n<p>En resumen, el <strong>KidsCamp Managua 2023<\/strong> es una experiencia enriquecedora y educativa para ni\u00f1os y ni\u00f1as de 10 a 14 a\u00f1os, que busca promover el aprendizaje tecnol\u00f3gico y creativo de manera divertida y pr\u00e1ctica.<\/p>\n\n\n\n<h2 class=\"wp-block-heading has-text-align-center\"><mark class=\"has-inline-color has-accent-color\">Agenda<\/mark><\/h2>\n\n\n\n<figure class=\"wp-block-table is-style-stripes\"><table><tbody><tr><td>Horario<\/td><td>Actividad<\/td><\/tr><tr><td>09:00 &#8211; 09:15<\/td><td>Bienvenida y presentaciones<\/td><\/tr><tr><td>09:15 &#8211; 09:30<\/td><td>Repaso de las actividades del d\u00eda (rompehielos)<\/td><\/tr><tr><td>09:30 &#8211; 10:15<\/td><td>I &#8211; Crea tu video juego<\/td><\/tr><tr><td>10:15 &#8211; 10:30<\/td><td>Descanso para snacks<\/td><\/tr><tr><td>10:30 &#8211; 11:45<\/td><td>II &#8211; Crea tu video juego<\/td><\/tr><tr><td>11:45 &#8211; 12:45<\/td><td>Almuerzo<\/td><\/tr><tr><td>12:45 &#8211; 13:00<\/td><td>Tips para navegar seguro en la red<\/td><\/tr><tr><td>13:00 &#8211; 14:30<\/td><td>Crea tu dise\u00f1o en Canva<\/td><\/tr><tr><td>14:30 &#8211; 14:45<\/td><td>Descanso para snacks<\/td><\/tr><tr><td>14:45 &#8211; 15:45<\/td><td>Actividades finales<\/td><\/tr><\/tbody><\/table><\/figure>\n\n\n\n<h2 class=\"wp-block-heading has-text-align-center\"><strong><mark class=\"has-inline-color has-accent-color\">Resultados esperados<\/mark><\/strong><\/h2>\n\n\n\n<figure class=\"wp-block-table is-style-stripes\"><table><tbody><tr><td><strong>Actividades<\/strong><\/td><td><strong>Indicadores<\/strong><\/td><td><strong>Medios de verificaci\u00f3n<\/strong><\/td><td><strong>Resultados<\/strong><\/td><\/tr><tr><td>Taller de creaci\u00f3n de videojuego y dise\u00f1os de Canva. en el KidsCamp.<\/td><td>30 Videojuegos y dise\u00f1os de Canva creados por los participantes al taller.<\/td><td>Registro del evento y listado de participaci\u00f3n.<\/td><td>&nbsp;<br>15 ni\u00f1os, ni\u00f1as, adolescentes; capacitados en creaci\u00f3n de videojuegos y dise\u00f1os en Canva.<\/td><\/tr><tr><td>Entrega y explicaci\u00f3n de gu\u00eda para ni\u00f1os, ni\u00f1as y adolescentes.<\/td><td>Creaci\u00f3n de materiales de apoyo para organizadores de eventos.<\/td><td>Gu\u00edas y material de apoyo entregado a los ni\u00f1os asistentes.<\/td><td>La experiencia del KidsCamp puede y debe ser replicada.<\/td><\/tr><\/tbody><\/table><\/figure>\n\n\n\n<h2 class=\"wp-block-heading has-text-align-center\"><strong><mark class=\"has-inline-color has-accent-color\">Acompa\u00f1anos<\/mark><\/strong><\/h2>\n\n\n\n<figure class=\"wp-block-gallery has-nested-images columns-default is-cropped wp-block-gallery-1 is-layout-flex wp-block-gallery-is-layout-flex\">\n<figure class=\"wp-block-image size-large\"><img loading=\"lazy\" decoding=\"async\" width=\"580\" height=\"435\" data-id=\"721\" src=\"https:\/\/managua.wordcamp.org\/2023\/files\/2023\/10\/photo_4967828611193220172_y.jpg\" alt=\"\" class=\"wp-image-721\" srcset=\"https:\/\/managua.wordcamp.org\/2023\/files\/2023\/10\/photo_4967828611193220172_y.jpg 580w, https:\/\/managua.wordcamp.org\/2023\/files\/2023\/10\/photo_4967828611193220172_y-300x225.jpg 300w, https:\/\/managua.wordcamp.org\/2023\/files\/2023\/10\/photo_4967828611193220172_y-400x300.jpg 400w\" sizes=\"auto, (max-width: 580px) 100vw, 580px\" \/><\/figure>\n\n\n\n<figure class=\"wp-block-image size-large\"><img loading=\"lazy\" decoding=\"async\" width=\"580\" height=\"326\" data-id=\"720\" src=\"https:\/\/managua.wordcamp.org\/2023\/files\/2023\/10\/photo_4967828611193220174_y.jpg\" alt=\"\" class=\"wp-image-720\" srcset=\"https:\/\/managua.wordcamp.org\/2023\/files\/2023\/10\/photo_4967828611193220174_y.jpg 580w, https:\/\/managua.wordcamp.org\/2023\/files\/2023\/10\/photo_4967828611193220174_y-300x169.jpg 300w, https:\/\/managua.wordcamp.org\/2023\/files\/2023\/10\/photo_4967828611193220174_y-500x281.jpg 500w\" sizes=\"auto, (max-width: 580px) 100vw, 580px\" \/><\/figure>\n\n\n\n<figure class=\"wp-block-image size-large\"><img loading=\"lazy\" decoding=\"async\" width=\"580\" height=\"326\" data-id=\"722\" src=\"https:\/\/managua.wordcamp.org\/2023\/files\/2023\/10\/photo_4967828611193220180_y.jpg\" alt=\"\" class=\"wp-image-722\" srcset=\"https:\/\/managua.wordcamp.org\/2023\/files\/2023\/10\/photo_4967828611193220180_y.jpg 580w, https:\/\/managua.wordcamp.org\/2023\/files\/2023\/10\/photo_4967828611193220180_y-300x169.jpg 300w, https:\/\/managua.wordcamp.org\/2023\/files\/2023\/10\/photo_4967828611193220180_y-500x281.jpg 500w\" sizes=\"auto, (max-width: 580px) 100vw, 580px\" \/><\/figure>\n\n\n\n<figure class=\"wp-block-image size-large\"><img loading=\"lazy\" decoding=\"async\" width=\"580\" height=\"326\" data-id=\"724\" src=\"https:\/\/managua.wordcamp.org\/2023\/files\/2023\/10\/photo_4967828611193220170_y.jpg\" alt=\"\" class=\"wp-image-724\" srcset=\"https:\/\/managua.wordcamp.org\/2023\/files\/2023\/10\/photo_4967828611193220170_y.jpg 580w, https:\/\/managua.wordcamp.org\/2023\/files\/2023\/10\/photo_4967828611193220170_y-300x169.jpg 300w, https:\/\/managua.wordcamp.org\/2023\/files\/2023\/10\/photo_4967828611193220170_y-500x281.jpg 500w\" sizes=\"auto, (max-width: 580px) 100vw, 580px\" \/><\/figure>\n\n\n\n<figure class=\"wp-block-image size-large\"><img loading=\"lazy\" decoding=\"async\" width=\"580\" height=\"326\" data-id=\"723\" src=\"https:\/\/managua.wordcamp.org\/2023\/files\/2023\/10\/photo_4967828611193220171_y.jpg\" alt=\"\" class=\"wp-image-723\" srcset=\"https:\/\/managua.wordcamp.org\/2023\/files\/2023\/10\/photo_4967828611193220171_y.jpg 580w, https:\/\/managua.wordcamp.org\/2023\/files\/2023\/10\/photo_4967828611193220171_y-300x169.jpg 300w, https:\/\/managua.wordcamp.org\/2023\/files\/2023\/10\/photo_4967828611193220171_y-500x281.jpg 500w\" sizes=\"auto, (max-width: 580px) 100vw, 580px\" \/><\/figure>\n<\/figure>\n\n\n\n<p>Para adquirir tu entrada, solo haz clic en el bot\u00f3n de comprar entrada y selecciona tus tickets en la secci\u00f3n de Kids Camp.<\/p>\n\n\n\n<div class=\"wp-block-buttons is-layout-flex wp-block-buttons-is-layout-flex\">\n<div class=\"wp-block-button\"><a class=\"wp-block-button__link wp-element-button\" href=\"https:\/\/managua.wordcamp.org\/2023\/tickets\/\">Comprar entrada<\/a><\/div>\n<\/div>\n","protected":false},"excerpt":{"rendered":"<p>\u00bfQu\u00e9 es el Kids Camp? El KidsCamp Managua 2023 es un taller dise\u00f1ado para ni\u00f1os y ni\u00f1as de 10 a 14 a\u00f1os, que se llevar\u00e1 a cabo durante un d\u00eda completo. Este evento est\u00e1 concebido para que los ni\u00f1os participen en compa\u00f1\u00eda de sus padres o tutores, y el n\u00famero m\u00e1ximo de participantes es de [&hellip;]<\/p>\n","protected":false},"author":15168413,"featured_media":0,"parent":0,"menu_order":0,"comment_status":"closed","ping_status":"closed","template":"","meta":{"jetpack_post_was_ever_published":false,"footnotes":""},"class_list":["post-716","page","type-page","status-publish","hentry"],"jetpack_sharing_enabled":true,"_links":{"self":[{"href":"https:\/\/managua.wordcamp.org\/2023\/wp-json\/wp\/v2\/pages\/716","targetHints":{"allow":["GET"]}}],"collection":[{"href":"https:\/\/managua.wordcamp.org\/2023\/wp-json\/wp\/v2\/pages"}],"about":[{"href":"https:\/\/managua.wordcamp.org\/2023\/wp-json\/wp\/v2\/types\/page"}],"author":[{"embeddable":true,"href":"https:\/\/managua.wordcamp.org\/2023\/wp-json\/wp\/v2\/users\/15168413"}],"replies":[{"embeddable":true,"href":"https:\/\/managua.wordcamp.org\/2023\/wp-json\/wp\/v2\/comments?post=716"}],"version-history":[{"count":15,"href":"https:\/\/managua.wordcamp.org\/2023\/wp-json\/wp\/v2\/pages\/716\/revisions"}],"predecessor-version":[{"id":1402,"href":"https:\/\/managua.wordcamp.org\/2023\/wp-json\/wp\/v2\/pages\/716\/revisions\/1402"}],"wp:attachment":[{"href":"https:\/\/managua.wordcamp.org\/2023\/wp-json\/wp\/v2\/media?parent=716"}],"curies":[{"name":"wp","href":"https:\/\/api.w.org\/{rel}","templated":true}]}}